 What is q(0)?
465
Let w(l) = -l**2 + 104*l - 932. Calculate w(94).
8
Let u(s) = 285*s - 2011. Give u(7).
-16
Let z(b) = -4*b**3 - 2*b**2 + 5*b + 21. Give z(-3).
96
Let t(i) = i**3 + 8*i**2 + i + 13. Give t(-8).
5
Let o(u) = 3*u**2 + 72*u + 340. Give o(-6).
16
Let j(h) = h**3 + 3*h**2 - 375*h - 14. What is j(18)?
40
Let c(n) = -n**2 - 29*n + 72. Give c(-34).
-98
Let i(n) = -n**2 + 24*n + 3829. Give i(75).
4
Let n(l) = -13*l**2 + 536*l - 103. What is n(41)?
20
Let j(d) = -32*d - 40. Determine j(10).
-360
Let c(v) = 2*v**2 + 44*v - 99. What is c(-28)?
237
Let j(g) = -32*g**2 + 1089*g - 43. Determine j(34).
-9
Let g(i) = -323*i - 7428. Give g(-23).
1
Let l(b) = -3*b**2 - 256*b - 658. Give l(-83).
-77
Let c(m) = -14*m + 12. Give c(-2).
40
Let f(a) = a**3 + 19*a**2 - 163*a - 1659. What is f(-23)?
-26
Let v(q) = 2*q**2 - 8*q + 40. What is v(4)?
40
Let k(i) = -3513*i + 35131. Calculate k(10).
1
Let y(o) = o**2 + 18*o + 81. Calculate y(-6).
9
Let d(b) = 6*b**3 + 16*b**2 + 4*b + 3. Give d(-4).
-141
Let x(h) = -6*h**2 + 5*h - 3. What is x(-4)?
-119
Let k(j) = 12*j**3 - 19*j**2 + 3*j + 6. Determine k(1).
2
Let u(v) = -v**3 + 276*v**2 - 1887*v + 23. Give u(7).
-5
Let b(k) = 623*k - 13070. Give b(21).
13
Let c(p) = -p**2 - 141*p - 1779. Give c(-18).
435
Let l(c) = -c**2 + 519*c - 67190. What is l(272)?
-6
Let g(w) = -284*w + 863. Determine g(3).
11
Let r(l) = -6*l + 147. What is r(30)?
-33
Let o(k) = -2*k**2 + 26*k - 42. Calculate o(9).
30
Let i(r) = 26*r + 14. Determine i(6).
170
Let z(y) = -5*y**2 - 43*y + 1. Calculate z(-5).
91
Let h(i) = i**2 - 21*i + 97. Calculate h(8).
-7
Let o(b) = -b**3 + 9*b**2 + 24*b + 136. Give o(12).
-8
Let t(g) = -g**2 + 229*g + 1412. Give t(-6).
2
Let r(a) = -217*a - 9743. Calculate r(-45).
22
Let z(q) = -344*q - 35764. What is z(-104)?
12
Let n(w) = -11*w - 121. Give n(0).
-121
Let t(y) = -y**3 - 13*y**2 + 3*y - 33. Determine t(-14).
121
Let d(g) = -695*g + 4884. Determine d(7).
19
Let j(i) = -i**3 + 73*i**2 - i + 76. Determine j(73).
3
Let h(y) = 785*y - 4704. Give h(6).
6
Let j(m) = 12*m - 1282. What is j(101)?
-70
Let u(w) = 714*w + 18567. Calculate u(-26).
3
Let w(c) = -c**3 + 5*c**2 + 34*c + 48. Calculate w(9).
30
Let x(b) = b**3 + 26*b**2 + 48*b + 36. Give x(-24).
36
Let y(u) = 14*u**2 - 422*u + 54. Determine y(30).
-6
Let m(v) = v**3 + 7*v**2 + 8*v - 3. What is m(-4)?
13
Let q(s) = 515*s - 23693. What is q(46)?
-3
Let p(m) = m**2 + 49*m - 944. Calculate p(-64).
16
Let m(y) = y**2 + 138*y - 4249. What is m(26)?
15
Let i(u) = 71*u + 402. Determine i(-8).
-166
Let s(n) = n**3 - 37*n**2 + 66*n + 134. Give s(35).
-6
Let y(r) = 2*r**3 - 43*r**2 + 208*r + 37. Give y(9).
-116
Let x(w) = 125*w + 2714. Calculate x(-23).
-161
Let i(t) = t**2 + 4*t - 5. Determine i(3).
16
Let n(w) = w**3 - 17*w**2 - 13*w - 55. Give n(18).
35
Let p(x) = -1272*x + 33087. What is p(26)?
15
Let i(z) = -1214*z + 6158. Give i(5).
88
Let t(d) = -5*d - 28. What is t(10)?
-78
Let n(i) = -2*i**3 - 28*i**2 + 42*i - 342. Calculate n(-16).
10
Let m(d) = 340*d**3 + 2038*d**2 - 17*d - 38. What is m(-6)?
-8
Let b(d) = -8*d**2 + 11*d - 94. What is b(7)?
-409
Let d(c) = -97*c**2 - 2662*c - 1167. Give d(-27).
-6
Let k(d) = d - 66. Give k(-22).
-88
Let k(j) = -603*j - 9064. Determine k(-15).
-19
Let l(h) = -13*h**3 - 91*h**2 - 8*h + 9. Calculate l(-7).
65
Let v(i) = -12*i**2 + 247*i - 247. Give v(1).
-12
Let u(r) = -31*r - 71. What is u(-2)?
-9
Let o(f) = 5*f**2 - 40*f + 5. What is o(9)?
50
Let d(j) = -2*j**2 - 12*j + 499. What is d(14)?
-61
Let k(n) = 5*n**3 + n**2 - 14*n. Determine k(3).
102
Let s(d) = 224*d + 30704. Give s(-137).
16
Let h(z) = -7*z**2 + 2070*z - 6205. Give h(3).
-58
Let d(t) = -t**2 - 93*t + 287. Calculate d(3).
-1
Let z(a) = 125*a**2 + 8*a + 7. Calculate z(2).
523
Let h(c) = c**2 + 4*c + 16. What is h(-2)?
12
Let k(s) = -22*s**3 + 815*s**2 - 35*s - 72. Give k(37).
2
Let k(d) = 173*d - 206. Calculate k(2).
140
Let a(i) = i**3 + 36*i**2 - 85*i - 378. Give a(-38).
-36
Let i(f) = -4*f**2 + 142*f + 63. What is i(36)?
-9
Let j(l) = 65*l - 834. Determine j(13).
11
Let n(u) = 2*u**2 - 611*u + 10615. What is n(287)?
-4
Let q(d) = 41*d - 862. Determine q(21).
-1
Let p(g) = 90*g - 470. What is p(6)?
70
Let b(r) = -16*r + 82. Give b(6).
-14
Let y(n) = -23*n + 213. Calculate y(5).
98
Let d(f) = f**3 + 58*f**2 - 9*f - 527. What is d(-58)?
-5
Let v(a) = -a**3 + 27*a**2 - 31*a + 2. Give v(26).
-128
Let r(g) = g**2 - 35*g + 219. Give r(22).
-67
Let v(o) = -5*o**2 - 184*o + 185. What is v(1)?
-4
Let f(m) = -111*m**3 - 2*m**2 - 12*m - 20. Determine f(-2).
884
Let h(t) = t**3 - 9*t**2 - 5*t + 322. What is h(-5)?
-3
Let x(m) = m**2 - 166*m + 5395. Determine x(44).
27
Let z(r) = 3984*r - 31877. What is z(8)?
-5
Let k(n) = n**2 - 34*n + 106. Give k(37).
217
Let d(n) = 2*n**2 + 75*n - 70. Calculate d(-39).
47
Let u(i) = 4*i**2 - 462*i - 2159. Calculate u(120).
1
Let j(d) = -2*d + 157. Determine j(37).
83
Let g(d) = d**3 + 4*d**2 - 4*d + 22. Determine g(-8).
-202
Let a(s) = 640*s + 4. Calculate a(0).
4
Let i(v) = 3*v**2 + 498*v - 6408. Determine i(12).
0
Let v(d) = -60*d + 5726. Calculate v(95).
26
Let i(d) = 24*d**3 - 4*d**2 + 2. Give i(1).
22
Let s(v) = 5*v**2 + 1115*v + 4387. What is s(-4)?
7
Let x(a) = -45*a**3 - 222*a**2 + 12*a + 15. Calculate x(-5).
30
Let q(i) = 2544*i + 11. Determine q(0).
11
Let x(j) = 12*j**2 + 788*j + 3415. What is x(-61)?
-1
Let g(m) = 28*m + 745. What is g(-22)?
129
Let q(m) = -m**2 + 16*m + 219. Calculate q(25).
-6
Let v(c) = -225*c + 1791. Give v(8).
-9
Let l(n) = 23445*n - 117227. What is l(5)?
-2
Let n(y) = -56*y**2 - 446*y + 10. Calculate n(-8).
-6
Let w(j) = -j**3 - 5*j**2 + 52*j - 12. Determine w(5).
-2
Let l(p) = p**3 - 15*p**2 + 54*p + 26. Give l(8).
10
Let c(b) = -6*b**3 - 14*b**2 + 44*b + 14. Determine c(-4).
-2
Let i(o) = -5*o**2 + 47*o + 181. Calculate i(12).
25
Let p(s) = 6*s**2 + 172*s - 240. Give p(-30).
0
Let a(b) = b**2 + 5*b - 23. What is a(3)?
1
Let g(v) = -19*v**2 + 9*v - 1. Give g(1).
-11
Let o(n) = -26*n - 177. Calculate o(-12).
135
Let j(x) = -x**2 - 44*x + 127. Calculate j(-38).
355
Let d(i) = -10*i**2 + i + 9. What is d(-2)?
-33
Let u(f) = -f - 87. Give u(13).
-100
Let k(x) = -393*x - 6685. Calculate k(-17).
-4
Let g(i) = -i**3 - 13*i**2 + 24*i + 108. Give g(-14).
-32
Let r(n) = -98*n - 5327. Give r(-56).
161
Let k(x) = -x**3 + 7*x**2 + 112*x + 267. What is k(-5)?
7
Let j(i) = 2*i**2 - 65*i - 459. What is j(-6)?
3
Let b(a) = -60*a**2 + 10*a - 2. Determine b(-1).
-72
Let r(y) = 2*y**3 - 54*y**2 - 114*y - 13. Give r(29).
45
Let y(s) = -s**3 + 40*s**2 - 394*s + 4. Give y(23).
-65
Let m(v) = -v**3 - v**2 + 3*v - 134. Give m(0).
-134
Let c(u) = 7*u**2 + 821*u + 1039. Calculate c(-116).
-5
Let j(r) = -57*r - 1321. Determine j(-23).
-10
Let v(i) = -i**2 + 107*i - 1364. Calculate v(16).
92
Let l(x) = x**3 + 10*x**2 + 85*x + 174. Give l(-3).
-18
Let n(h) = h**2 + 112*h - 5. Determine n(0).
-5
Let m(p) = 3*p**2 + 15*p + 2. What is m(-6)?
20
Let f(w) = 21*w - 134. What is f(-4)?
-218
Let l(n) = -2*n**3 - 20*n**2 + 10*n - 14. Calculate l(-11).
118
Let d(o) = -7*o**2 + 679*o + 2843. Determine d(-4).
15
Let z(s) = 2*s**2 + 101*s + 426. Determine z(-45).
-69
Let p(t) = -2*t**3 + 41*t**2 - 87*t - 57. What is p(18)?
-3
Let k(z) = z**3 - 5*z**2 + z + 4. What is k(3)?
-11
Let r(g) = 336*g - 1699. Give r(5).
-19
Let j(s) = s**2 + 14*s - 481. What is j(16)?
-1
Let q(a) = 3*a**3 + 40*a**2 - 65*a - 54. Calculate q(-15).
-204
Let a(r) = 9*r**3 - 2*r**2 - 77*r + 2. Calculate a(0).
2
Let k(l) = -5*l + 150. What is k(31)?
-5
Let a(y) = 37*y - 1474. Determine a(40).
6
Let l(x) = 10*x**2 + 273*x - 6. What is l(-27)?
-87
Let v(r) = -3*r - 67. Calculate v(6).
-85
Let f(a) = 15*a**2 - 82*a - 81. Calculate f(-1).
16
Let j(k) = -3*k**3 - 29*k**2 + 112*k + 4. Give j(3).
-2
Let t(s) = -s**3 + 12*s**2 - 58*s + 288. What is t(9)?
9
Let s(m) = -12*m - 13. What is s(-5)?
47
Let a(t) = 25*t + 581. Calculate a(-30).
-169
Let t(g) = 9*g**3 + 4*g**2 + 6*g. Determine t(-2).
-68
Let j(i) = 28*i + 146. Determine j(-5).
6
Let w(d) = -10*d**3 - d**2 + 9*d + 9. What is w(-2)?
67
Let o(l) = 2*l**2 - 175*l - 3543. Give o(105).
132
Let t(l) = l**2 + 28*l - 141. Determine t(-32).
-13
Let i(p) = -3*p**3 + 27*p**2 - 28*p + 7. Determine i(8).
-25
Let j(h) = -1788*h 